{"id":4018,"date":"2021-09-02T09:55:11","date_gmt":"2021-09-02T09:55:11","guid":{"rendered":"https:\/\/sandoz.growlab.es\/?page_id=4018"},"modified":"2021-09-28T18:28:55","modified_gmt":"2021-09-28T18:28:55","slug":"home-k2","status":"publish","type":"page","link":"https:\/\/sandoz.growlab.es\/index.php\/home-k2\/","title":{"rendered":"Home &#8211; K2"},"content":{"rendered":"\t\t<div data-elementor-type=\"wp-page\" data-elementor-id=\"4018\" class=\"elementor elementor-4018\" data-elementor-settings=\"[]\">\n\t\t\t\t\t\t\t<div class=\"elementor-section-wrap\">\n\t\t\t\t\t\t\t<section class=\"elementor-section elementor-top-section elementor-element elementor-element-f862486 elementor-section-full_width elementor-section-height-full elementor-section-content-middle elementor-section-stretched elementor-section-height-default elementor-section-items-middle\" data-id=\"f862486\" data-element_type=\"section\" data-settings=\"{&quot;stretch_section&quot;:&quot;section-stretched&quot;}\">\n\t\t\t\t\t\t<div class=\"elementor-container elementor-column-gap-no\">\n\t\t\t\t\t<div class=\"elementor-column elementor-col-50 elementor-top-column elementor-element elementor-element-6935da2\" data-id=\"6935da2\" data-element_type=\"column\" data-settings=\"{&quot;background_background&quot;:&quot;slideshow&quot;,&quot;background_slideshow_gallery&quot;:[{&quot;id&quot;:4200,&quot;url&quot;:&quot;https:\\\/\\\/sandoz.growlab.es\\\/wp-content\\\/uploads\\\/2021\\\/09\\\/iStock-1215036091-scaled.jpg&quot;}],&quot;background_slideshow_loop&quot;:&quot;yes&quot;,&quot;background_slideshow_slide_duration&quot;:5000,&quot;background_slideshow_slide_transition&quot;:&quot;fade&quot;,&quot;background_slideshow_transition_duration&quot;:500}\">\n\t\t\t<div class=\"elementor-widget-wrap elementor-element-populated\">\n\t\t\t\t\t\t\t\t<section class=\"elementor-section elementor-inner-section elementor-element elementor-element-e817f6f elementor-section-full_width elementor-section-height-full elementor-section-height-default\" data-id=\"e817f6f\" data-element_type=\"section\">\n\t\t\t\t\t\t<div class=\"elementor-container elementor-column-gap-default\">\n\t\t\t\t\t<div class=\"elementor-column elementor-col-50 elementor-inner-column elementor-element elementor-element-95d3723 elementor-invisible\" data-id=\"95d3723\" data-element_type=\"column\" data-settings=\"{&quot;background_background&quot;:&quot;classic&quot;,&quot;animation&quot;:&quot;slideInLeft&quot;}\">\n\t\t\t<div class=\"elementor-widget-wrap elementor-element-populated\">\n\t\t\t\t\t\t\t\t<div class=\"elementor-element elementor-element-9a14f00 elementor-widget elementor-widget-image\" data-id=\"9a14f00\" data-element_type=\"widget\" data-widget_type=\"image.default\">\n\t\t\t\t<div class=\"elementor-widget-container\">\n\t\t\t\t\t\t\t\t\t\t\t\t\t\t\t<img width=\"1024\" height=\"177\" src=\"https:\/\/sandoz.growlab.es\/wp-content\/uploads\/2021\/09\/inmuno_podcast_logo-19-1024x177.png\" class=\"attachment-large size-large\" alt=\"\" loading=\"lazy\" srcset=\"https:\/\/sandoz.growlab.es\/wp-content\/uploads\/2021\/09\/inmuno_podcast_logo-19-1024x177.png 1024w, https:\/\/sandoz.growlab.es\/wp-content\/uploads\/2021\/09\/inmuno_podcast_logo-19-300x52.png 300w, https:\/\/sandoz.growlab.es\/wp-content\/uploads\/2021\/09\/inmuno_podcast_logo-19-768x133.png 768w, https:\/\/sandoz.growlab.es\/wp-content\/uploads\/2021\/09\/inmuno_podcast_logo-19.png 1413w\" sizes=\"(max-width: 1024px) 100vw, 1024px\" \/>\t\t\t\t\t\t\t\t\t\t\t\t\t\t\t<\/div>\n\t\t\t\t<\/div>\n\t\t\t\t<div class=\"elementor-element elementor-element-7d50d62 elementor-widget elementor-widget-text-editor\" data-id=\"7d50d62\" data-element_type=\"widget\" data-widget_type=\"text-editor.default\">\n\t\t\t\t<div class=\"elementor-widget-container\">\n\t\t\t\t\t\t\t<p class=\"p1\"><strong>Podcast para escuchar, hablar y aprender sobre inmunolog\u00eda, conducidos por el Dr. Antonio Martorell.<\/strong><\/p>\t\t\t\t\t\t<\/div>\n\t\t\t\t<\/div>\n\t\t\t\t<div class=\"elementor-element elementor-element-9ccb02d elementor-align-left elementor-widget elementor-widget-button\" data-id=\"9ccb02d\" data-element_type=\"widget\" data-widget_type=\"button.default\">\n\t\t\t\t<div class=\"elementor-widget-container\">\n\t\t\t\t\t<div class=\"elementor-button-wrapper\">\n\t\t\t<a href=\"https:\/\/sandoz.growlab.es\/index.php\/interior-k\/\" class=\"elementor-button-link elementor-button elementor-size-sm\" role=\"button\">\n\t\t\t\t\t\t<span class=\"elementor-button-content-wrapper\">\n\t\t\t\t\t\t<span class=\"elementor-button-icon elementor-align-icon-right\">\n\t\t\t\t<i aria-hidden=\"true\" class=\"feather  feather-arrow-right\"><\/i>\t\t\t<\/span>\n\t\t\t\t\t\t<span class=\"elementor-button-text\">Ver m\u00e1s<\/span>\n\t\t<\/span>\n\t\t\t\t\t<\/a>\n\t\t<\/div>\n\t\t\t\t<\/div>\n\t\t\t\t<\/div>\n\t\t\t\t\t<\/div>\n\t\t<\/div>\n\t\t\t\t<div class=\"elementor-column elementor-col-50 elementor-inner-column elementor-element elementor-element-3d75be8\" data-id=\"3d75be8\" data-element_type=\"column\">\n\t\t\t<div class=\"elementor-widget-wrap\">\n\t\t\t\t\t\t\t\t\t<\/div>\n\t\t<\/div>\n\t\t\t\t\t\t\t<\/div>\n\t\t<\/section>\n\t\t\t\t\t<\/div>\n\t\t<\/div>\n\t\t\t\t<div class=\"elementor-column elementor-col-50 elementor-top-column elementor-element elementor-element-7fd09bd\" data-id=\"7fd09bd\" data-element_type=\"column\" data-settings=\"{&quot;background_background&quot;:&quot;slideshow&quot;,&quot;background_slideshow_gallery&quot;:[{&quot;id&quot;:4201,&quot;url&quot;:&quot;https:\\\/\\\/sandoz.growlab.es\\\/wp-content\\\/uploads\\\/2021\\\/09\\\/ENDOPODCAST-2-2-scaled.jpg&quot;}],&quot;background_slideshow_loop&quot;:&quot;yes&quot;,&quot;background_slideshow_slide_duration&quot;:5000,&quot;background_slideshow_slide_transition&quot;:&quot;fade&quot;,&quot;background_slideshow_transition_duration&quot;:500}\">\n\t\t\t<div class=\"elementor-widget-wrap elementor-element-populated\">\n\t\t\t\t\t\t\t\t<section class=\"elementor-section elementor-inner-section elementor-element elementor-element-f7049e5 elementor-section-height-full elementor-section-boxed elementor-section-height-default\" data-id=\"f7049e5\" data-element_type=\"section\">\n\t\t\t\t\t\t<div class=\"elementor-container elementor-column-gap-default\">\n\t\t\t\t\t<div class=\"elementor-column elementor-col-50 elementor-inner-column elementor-element elementor-element-ef1e824 elementor-invisible\" data-id=\"ef1e824\" data-element_type=\"column\" data-settings=\"{&quot;background_background&quot;:&quot;classic&quot;,&quot;animation&quot;:&quot;slideInLeft&quot;}\">\n\t\t\t<div class=\"elementor-widget-wrap elementor-element-populated\">\n\t\t\t\t\t\t\t\t<div class=\"elementor-element elementor-element-f66b36a elementor-widget elementor-widget-image\" data-id=\"f66b36a\" data-element_type=\"widget\" data-widget_type=\"image.default\">\n\t\t\t\t<div class=\"elementor-widget-container\">\n\t\t\t\t\t\t\t\t\t\t\t\t\t\t\t<img width=\"300\" height=\"144\" src=\"https:\/\/sandoz.growlab.es\/wp-content\/uploads\/2021\/09\/ENDOPODCAST-2-300x144-White.png\" class=\"attachment-medium size-medium\" alt=\"\" loading=\"lazy\" \/>\t\t\t\t\t\t\t\t\t\t\t\t\t\t\t<\/div>\n\t\t\t\t<\/div>\n\t\t\t\t<div class=\"elementor-element elementor-element-13e5b8a elementor-widget elementor-widget-text-editor\" data-id=\"13e5b8a\" data-element_type=\"widget\" data-widget_type=\"text-editor.default\">\n\t\t\t\t<div class=\"elementor-widget-container\">\n\t\t\t\t\t\t\t<p class=\"p1\"><strong>Una nueva perspectiva en salud infantil con el primer podcast especializado en endocrinolog\u00eda pedi\u00e1trica.<\/strong><\/p>\t\t\t\t\t\t<\/div>\n\t\t\t\t<\/div>\n\t\t\t\t<div class=\"elementor-element elementor-element-cb93686 elementor-align-left elementor-widget elementor-widget-button\" data-id=\"cb93686\" data-element_type=\"widget\" data-widget_type=\"button.default\">\n\t\t\t\t<div class=\"elementor-widget-container\">\n\t\t\t\t\t<div class=\"elementor-button-wrapper\">\n\t\t\t<a href=\"https:\/\/sandoz.growlab.es\/index.php\/interior2-k\/\" class=\"elementor-button-link elementor-button elementor-size-sm\" role=\"button\">\n\t\t\t\t\t\t<span class=\"elementor-button-content-wrapper\">\n\t\t\t\t\t\t<span class=\"elementor-button-icon elementor-align-icon-right\">\n\t\t\t\t<i aria-hidden=\"true\" class=\"feather  feather-arrow-right\"><\/i>\t\t\t<\/span>\n\t\t\t\t\t\t<span class=\"elementor-button-text\">Ver m\u00e1s<\/span>\n\t\t<\/span>\n\t\t\t\t\t<\/a>\n\t\t<\/div>\n\t\t\t\t<\/div>\n\t\t\t\t<\/div>\n\t\t\t\t\t<\/div>\n\t\t<\/div>\n\t\t\t\t<div class=\"elementor-column elementor-col-50 elementor-inner-column elementor-element elementor-element-e213db6\" data-id=\"e213db6\" data-element_type=\"column\">\n\t\t\t<div class=\"elementor-widget-wrap\">\n\t\t\t\t\t\t\t\t\t<\/div>\n\t\t<\/div>\n\t\t\t\t\t\t\t<\/div>\n\t\t<\/section>\n\t\t\t\t\t<\/div>\n\t\t<\/div>\n\t\t\t\t\t\t\t<\/div>\n\t\t<\/section>\n\t\t\t\t<section class=\"elementor-section elementor-top-section elementor-element elementor-element-7c74719 elementor-section-full_width elementor-section-height-default elementor-section-height-default\" data-id=\"7c74719\" data-element_type=\"section\" data-settings=\"{&quot;background_background&quot;:&quot;classic&quot;}\">\n\t\t\t\t\t\t<div class=\"elementor-container elementor-column-gap-default\">\n\t\t\t\t\t<div class=\"elementor-column elementor-col-33 elementor-top-column elementor-element elementor-element-fe144a4\" data-id=\"fe144a4\" data-element_type=\"column\">\n\t\t\t<div class=\"elementor-widget-wrap elementor-element-populated\">\n\t\t\t\t\t\t\t\t<div class=\"elementor-element elementor-element-fdaa8ef elementor-invisible elementor-widget elementor-widget-button\" data-id=\"fdaa8ef\" data-element_type=\"widget\" data-settings=\"{&quot;_animation&quot;:&quot;fadeInUp&quot;}\" data-widget_type=\"button.default\">\n\t\t\t\t<div class=\"elementor-widget-container\">\n\t\t\t\t\t<div class=\"elementor-button-wrapper\">\n\t\t\t<a href=\"#\" class=\"elementor-button-link elementor-button elementor-size-xl\" role=\"button\">\n\t\t\t\t\t\t<span class=\"elementor-button-content-wrapper\">\n\t\t\t\t\t\t<span class=\"elementor-button-text\">\u00daltimos Podcasts<\/span>\n\t\t<\/span>\n\t\t\t\t\t<\/a>\n\t\t<\/div>\n\t\t\t\t<\/div>\n\t\t\t\t<\/div>\n\t\t\t\t\t<\/div>\n\t\t<\/div>\n\t\t\t\t<div class=\"elementor-column elementor-col-66 elementor-top-column elementor-element elementor-element-12e22b2\" data-id=\"12e22b2\" data-element_type=\"column\">\n\t\t\t<div class=\"elementor-widget-wrap elementor-element-populated\">\n\t\t\t\t\t\t\t\t<div class=\"elementor-element elementor-element-a2b6689 animated-slow elementor-invisible elementor-widget elementor-widget-ce-podcasts-grid\" data-id=\"a2b6689\" data-element_type=\"widget\" data-settings=\"{&quot;_animation&quot;:&quot;bounceInRight&quot;}\" data-widget_type=\"ce-podcasts-grid.default\">\n\t\t\t\t<div class=\"elementor-widget-container\">\n\t\t\t\t\t<div class=\"ce-podcasts-grid ce-post-style-box4\" data-columns=\"4\" data-layout=\"masonry\">\r\n\r\n\t\t\t\t\t\t\t\t\t                        <div id=\"ce-post-item-179\"  class=\"ce-post-item ce-animation ce-animation--none ce-animation-manual post-179 podcast type-podcast status-publish has-post-thumbnail hentry podcast_shows-inmunopodcast podcast_tags-enjoy podcast_tags-holiday podcast_tags-life\" data-delay=\"0\" >\r\n\t<article class=\"entry-podcast\">\r\n\t\t<div class=\"entry-media\">\r\n\t\t\t<figure class=\"entry-img\">\r\n\t\t\t\t<img width=\"150\" height=\"150\" src=\"https:\/\/sandoz.growlab.es\/wp-content\/uploads\/2021\/09\/portada_sandoz4-150x150.jpg\" class=\"attachment-thumbnail size-thumbnail wp-post-image\" alt=\"\" loading=\"lazy\" srcset=\"https:\/\/sandoz.growlab.es\/wp-content\/uploads\/2021\/09\/portada_sandoz4-150x150.jpg 150w, https:\/\/sandoz.growlab.es\/wp-content\/uploads\/2021\/09\/portada_sandoz4-300x300.jpg 300w, https:\/\/sandoz.growlab.es\/wp-content\/uploads\/2021\/09\/portada_sandoz4-1024x1024.jpg 1024w, https:\/\/sandoz.growlab.es\/wp-content\/uploads\/2021\/09\/portada_sandoz4-768x768.jpg 768w, https:\/\/sandoz.growlab.es\/wp-content\/uploads\/2021\/09\/portada_sandoz4-1536x1536.jpg 1536w, https:\/\/sandoz.growlab.es\/wp-content\/uploads\/2021\/09\/portada_sandoz4-430x430.jpg 430w, https:\/\/sandoz.growlab.es\/wp-content\/uploads\/2021\/09\/portada_sandoz4-220x220.jpg 220w, https:\/\/sandoz.growlab.es\/wp-content\/uploads\/2021\/09\/portada_sandoz4-100x100.jpg 100w, https:\/\/sandoz.growlab.es\/wp-content\/uploads\/2021\/09\/portada_sandoz4.jpg 2000w\" sizes=\"(max-width: 150px) 100vw, 150px\" \/>\t            <a href=\"https:\/\/sandoz.growlab.es\/index.php\/episode\/finding-moments-of-joy-in-a-challenging-year-2\/\" class=\"image-link\"><\/a>\r\n\t\t\t<\/figure>\r\n\t\t\t<div class=\"entry-meta-single entry-meta-date\">\r\n\t\t\t\t<span>marzo 19, 2021<\/span>\r\n\t\t    <\/div>\r\n\t\t    <div class=\"entry-play\">\r\n\t\t\t\t<a class=\"livecast-play livecast-play-179\" data-audio-id=\"179\" href=\"https:\/\/sandoz.growlab.es\/index.php\/episode\/finding-moments-of-joy-in-a-challenging-year-2\/\">\t    \t\t\t\r\n\t\t\t\t\t<span class=\"lp-icon lp-play\"><\/span>\r\n\t\t\t\t<\/a>\r\n\t\t    <\/div>\r\n\t\t<\/div>\r\n\t    <div class=\"entry-titles\">\r\n\t    \t<span class=\"entry-icon\">\r\n\t    \t\t<a href=\"https:\/\/sandoz.growlab.es\/index.php\/show\/inmunopodcast\/\" class=\"category-colored\">Inmunopodcast<\/a>\t    \t<\/span>\r\n\t    \t<h3 class=\"entry-title\">\r\n\t    \t\t<a href=\"https:\/\/sandoz.growlab.es\/index.php\/episode\/finding-moments-of-joy-in-a-challenging-year-2\/\">\r\n\t    \t\t\tFinding Moments\t\t\t\t<\/a>\r\n\t\t\t<\/h3>\r\n\t\t\t<p class=\"entry-content\">\r\n\t\t\t\t\t\t\t<\/p>\r\n\t\t\t<a class=\"ce-view entry-readmore\" href=\"https:\/\/sandoz.growlab.es\/index.php\/episode\/finding-moments-of-joy-in-a-challenging-year-2\/\">View Episode &gt;<\/a>\r\n\t    <\/div>\r\n\t<\/article>\r\n<\/div>\r\n                    \t\t\t\t\t\t                        <div id=\"ce-post-item-2612\"  class=\"ce-post-item ce-animation ce-animation--none ce-animation-manual post-2612 podcast type-podcast status-publish has-post-thumbnail hentry podcast_shows-endopodcast\" data-delay=\"0\" >\r\n\t<article class=\"entry-podcast\">\r\n\t\t<div class=\"entry-media\">\r\n\t\t\t<figure class=\"entry-img\">\r\n\t\t\t\t<img width=\"150\" height=\"150\" src=\"https:\/\/sandoz.growlab.es\/wp-content\/uploads\/2021\/09\/portada_sandoz9-150x150.jpg\" class=\"attachment-thumbnail size-thumbnail wp-post-image\" alt=\"\" loading=\"lazy\" srcset=\"https:\/\/sandoz.growlab.es\/wp-content\/uploads\/2021\/09\/portada_sandoz9-150x150.jpg 150w, https:\/\/sandoz.growlab.es\/wp-content\/uploads\/2021\/09\/portada_sandoz9-300x300.jpg 300w, https:\/\/sandoz.growlab.es\/wp-content\/uploads\/2021\/09\/portada_sandoz9-1024x1024.jpg 1024w, https:\/\/sandoz.growlab.es\/wp-content\/uploads\/2021\/09\/portada_sandoz9-768x768.jpg 768w, https:\/\/sandoz.growlab.es\/wp-content\/uploads\/2021\/09\/portada_sandoz9-1536x1536.jpg 1536w, https:\/\/sandoz.growlab.es\/wp-content\/uploads\/2021\/09\/portada_sandoz9-430x430.jpg 430w, https:\/\/sandoz.growlab.es\/wp-content\/uploads\/2021\/09\/portada_sandoz9-220x220.jpg 220w, https:\/\/sandoz.growlab.es\/wp-content\/uploads\/2021\/09\/portada_sandoz9-100x100.jpg 100w, https:\/\/sandoz.growlab.es\/wp-content\/uploads\/2021\/09\/portada_sandoz9.jpg 2000w\" sizes=\"(max-width: 150px) 100vw, 150px\" \/>\t            <a href=\"https:\/\/sandoz.growlab.es\/index.php\/episode\/we-only-get-one-shot-at-this\/\" class=\"image-link\"><\/a>\r\n\t\t\t<\/figure>\r\n\t\t\t<div class=\"entry-meta-single entry-meta-date\">\r\n\t\t\t\t<span>abril 20, 2021<\/span>\r\n\t\t    <\/div>\r\n\t\t    <div class=\"entry-play\">\r\n\t\t\t\t<a class=\"livecast-play livecast-play-2612\" data-audio-id=\"2612\" href=\"https:\/\/sandoz.growlab.es\/index.php\/episode\/we-only-get-one-shot-at-this\/\">\t    \t\t\t\r\n\t\t\t\t\t<span class=\"lp-icon lp-play\"><\/span>\r\n\t\t\t\t<\/a>\r\n\t\t    <\/div>\r\n\t\t<\/div>\r\n\t    <div class=\"entry-titles\">\r\n\t    \t<span class=\"entry-icon\">\r\n\t    \t\t<a href=\"https:\/\/sandoz.growlab.es\/index.php\/show\/endopodcast\/\" class=\"category-colored\">Endopodcast<\/a>\t    \t<\/span>\r\n\t    \t<h3 class=\"entry-title\">\r\n\t    \t\t<a href=\"https:\/\/sandoz.growlab.es\/index.php\/episode\/we-only-get-one-shot-at-this\/\">\r\n\t    \t\t\tWe Only Get\t\t\t\t<\/a>\r\n\t\t\t<\/h3>\r\n\t\t\t<p class=\"entry-content\">\r\n\t\t\t\t\t\t\t<\/p>\r\n\t\t\t<a class=\"ce-view entry-readmore\" href=\"https:\/\/sandoz.growlab.es\/index.php\/episode\/we-only-get-one-shot-at-this\/\">View Episode &gt;<\/a>\r\n\t    <\/div>\r\n\t<\/article>\r\n<\/div>\r\n                    \t\t\t\t\t\t                        <div id=\"ce-post-item-2617\"  class=\"ce-post-item ce-animation ce-animation--none ce-animation-manual post-2617 podcast type-podcast status-publish has-post-thumbnail hentry podcast_shows-inmunopodcast podcast_tags-enjoy podcast_tags-holiday podcast_tags-life\" data-delay=\"0\" >\r\n\t<article class=\"entry-podcast\">\r\n\t\t<div class=\"entry-media\">\r\n\t\t\t<figure class=\"entry-img\">\r\n\t\t\t\t<img width=\"150\" height=\"150\" src=\"https:\/\/sandoz.growlab.es\/wp-content\/uploads\/2021\/09\/portada_sandoz2-150x150.jpg\" class=\"attachment-thumbnail size-thumbnail wp-post-image\" alt=\"\" loading=\"lazy\" srcset=\"https:\/\/sandoz.growlab.es\/wp-content\/uploads\/2021\/09\/portada_sandoz2-150x150.jpg 150w, https:\/\/sandoz.growlab.es\/wp-content\/uploads\/2021\/09\/portada_sandoz2-300x300.jpg 300w, https:\/\/sandoz.growlab.es\/wp-content\/uploads\/2021\/09\/portada_sandoz2-1024x1024.jpg 1024w, https:\/\/sandoz.growlab.es\/wp-content\/uploads\/2021\/09\/portada_sandoz2-768x768.jpg 768w, https:\/\/sandoz.growlab.es\/wp-content\/uploads\/2021\/09\/portada_sandoz2-1536x1536.jpg 1536w, https:\/\/sandoz.growlab.es\/wp-content\/uploads\/2021\/09\/portada_sandoz2-430x430.jpg 430w, https:\/\/sandoz.growlab.es\/wp-content\/uploads\/2021\/09\/portada_sandoz2-220x220.jpg 220w, https:\/\/sandoz.growlab.es\/wp-content\/uploads\/2021\/09\/portada_sandoz2-100x100.jpg 100w, https:\/\/sandoz.growlab.es\/wp-content\/uploads\/2021\/09\/portada_sandoz2.jpg 2000w\" sizes=\"(max-width: 150px) 100vw, 150px\" \/>\t            <a href=\"https:\/\/sandoz.growlab.es\/index.php\/episode\/easy-strategies-to-help-your-family-succeed-in-2020-2\/\" class=\"image-link\"><\/a>\r\n\t\t\t<\/figure>\r\n\t\t\t<div class=\"entry-meta-single entry-meta-date\">\r\n\t\t\t\t<span>abril 20, 2021<\/span>\r\n\t\t    <\/div>\r\n\t\t    <div class=\"entry-play\">\r\n\t\t\t\t<a class=\"livecast-play livecast-play-2617\" data-audio-id=\"2617\" href=\"https:\/\/sandoz.growlab.es\/index.php\/episode\/easy-strategies-to-help-your-family-succeed-in-2020-2\/\">\t    \t\t\t\r\n\t\t\t\t\t<span class=\"lp-icon lp-play\"><\/span>\r\n\t\t\t\t<\/a>\r\n\t\t    <\/div>\r\n\t\t<\/div>\r\n\t    <div class=\"entry-titles\">\r\n\t    \t<span class=\"entry-icon\">\r\n\t    \t\t<a href=\"https:\/\/sandoz.growlab.es\/index.php\/show\/inmunopodcast\/\" class=\"category-colored\">Inmunopodcast<\/a>\t    \t<\/span>\r\n\t    \t<h3 class=\"entry-title\">\r\n\t    \t\t<a href=\"https:\/\/sandoz.growlab.es\/index.php\/episode\/easy-strategies-to-help-your-family-succeed-in-2020-2\/\">\r\n\t    \t\t\tEasy Strategies\t\t\t\t<\/a>\r\n\t\t\t<\/h3>\r\n\t\t\t<p class=\"entry-content\">\r\n\t\t\t\t\t\t\t<\/p>\r\n\t\t\t<a class=\"ce-view entry-readmore\" href=\"https:\/\/sandoz.growlab.es\/index.php\/episode\/easy-strategies-to-help-your-family-succeed-in-2020-2\/\">View Episode &gt;<\/a>\r\n\t    <\/div>\r\n\t<\/article>\r\n<\/div>\r\n                    \t\t\t\t\t\t                        <div id=\"ce-post-item-3369\"  class=\"ce-post-item ce-animation ce-animation--none ce-animation-manual post-3369 podcast type-podcast status-publish has-post-thumbnail hentry podcast_shows-endopodcast\" data-delay=\"0\" >\r\n\t<article class=\"entry-podcast\">\r\n\t\t<div class=\"entry-media\">\r\n\t\t\t<figure class=\"entry-img\">\r\n\t\t\t\t<img width=\"150\" height=\"150\" src=\"https:\/\/sandoz.growlab.es\/wp-content\/uploads\/2021\/05\/portada_sandoz8-150x150.jpg\" class=\"attachment-thumbnail size-thumbnail wp-post-image\" alt=\"\" loading=\"lazy\" srcset=\"https:\/\/sandoz.growlab.es\/wp-content\/uploads\/2021\/05\/portada_sandoz8-150x150.jpg 150w, https:\/\/sandoz.growlab.es\/wp-content\/uploads\/2021\/05\/portada_sandoz8-300x300.jpg 300w, https:\/\/sandoz.growlab.es\/wp-content\/uploads\/2021\/05\/portada_sandoz8-1024x1024.jpg 1024w, https:\/\/sandoz.growlab.es\/wp-content\/uploads\/2021\/05\/portada_sandoz8-768x768.jpg 768w, https:\/\/sandoz.growlab.es\/wp-content\/uploads\/2021\/05\/portada_sandoz8-1536x1536.jpg 1536w, https:\/\/sandoz.growlab.es\/wp-content\/uploads\/2021\/05\/portada_sandoz8-430x430.jpg 430w, https:\/\/sandoz.growlab.es\/wp-content\/uploads\/2021\/05\/portada_sandoz8-220x220.jpg 220w, https:\/\/sandoz.growlab.es\/wp-content\/uploads\/2021\/05\/portada_sandoz8-100x100.jpg 100w, https:\/\/sandoz.growlab.es\/wp-content\/uploads\/2021\/05\/portada_sandoz8.jpg 2000w\" sizes=\"(max-width: 150px) 100vw, 150px\" \/>\t            <a href=\"https:\/\/sandoz.growlab.es\/index.php\/episode\/easy-strategies-to-help-copy-copy\/\" class=\"image-link\"><\/a>\r\n\t\t\t<\/figure>\r\n\t\t\t<div class=\"entry-meta-single entry-meta-date\">\r\n\t\t\t\t<span>mayo 5, 2021<\/span>\r\n\t\t    <\/div>\r\n\t\t    <div class=\"entry-play\">\r\n\t\t\t\t<a class=\"livecast-play livecast-play-3369\" data-audio-id=\"3369\" href=\"https:\/\/sandoz.growlab.es\/index.php\/episode\/easy-strategies-to-help-copy-copy\/\">\t    \t\t\t\r\n\t\t\t\t\t<span class=\"lp-icon lp-play\"><\/span>\r\n\t\t\t\t<\/a>\r\n\t\t    <\/div>\r\n\t\t<\/div>\r\n\t    <div class=\"entry-titles\">\r\n\t    \t<span class=\"entry-icon\">\r\n\t    \t\t<a href=\"https:\/\/sandoz.growlab.es\/index.php\/show\/endopodcast\/\" class=\"category-colored\">Endopodcast<\/a>\t    \t<\/span>\r\n\t    \t<h3 class=\"entry-title\">\r\n\t    \t\t<a href=\"https:\/\/sandoz.growlab.es\/index.php\/episode\/easy-strategies-to-help-copy-copy\/\">\r\n\t    \t\t\tEasy Strategies\t\t\t\t<\/a>\r\n\t\t\t<\/h3>\r\n\t\t\t<p class=\"entry-content\">\r\n\t\t\t\t\t\t\t<\/p>\r\n\t\t\t<a class=\"ce-view entry-readmore\" href=\"https:\/\/sandoz.growlab.es\/index.php\/episode\/easy-strategies-to-help-copy-copy\/\">View Episode &gt;<\/a>\r\n\t    <\/div>\r\n\t<\/article>\r\n<\/div>\r\n                                                    \t\t\t\r\n\t\t<\/div>\r\n\t\t\t\t<\/div>\n\t\t\t\t<\/div>\n\t\t\t\t\t<\/div>\n\t\t<\/div>\n\t\t\t\t\t\t\t<\/div>\n\t\t<\/section>\n\t\t\t\t\t\t<\/div>\n\t\t\t\t\t<\/div>\n\t\t","protected":false},"excerpt":{"rendered":"<p>Podcast para escuchar, hablar y aprender sobre inmunolog\u00eda, conducidos por el Dr. Antonio Martorell. Ver m\u00e1s Una nueva perspectiva en salud infantil con el primer podcast especializado en endocrinolog\u00eda pedi\u00e1trica. Ver m\u00e1s \u00daltimos Podcasts marzo 19, 2021 Inmunopodcast Finding Moments [&hellip;]<\/p>\n","protected":false},"author":1,"featured_media":0,"parent":0,"menu_order":0,"comment_status":"closed","ping_status":"closed","template":"elementor_header_footer","meta":[],"_links":{"self":[{"href":"https:\/\/sandoz.growlab.es\/index.php\/wp-json\/wp\/v2\/pages\/4018"}],"collection":[{"href":"https:\/\/sandoz.growlab.es\/index.php\/wp-json\/wp\/v2\/pages"}],"about":[{"href":"https:\/\/sandoz.growlab.es\/index.php\/wp-json\/wp\/v2\/types\/page"}],"author":[{"embeddable":true,"href":"https:\/\/sandoz.growlab.es\/index.php\/wp-json\/wp\/v2\/users\/1"}],"replies":[{"embeddable":true,"href":"https:\/\/sandoz.growlab.es\/index.php\/wp-json\/wp\/v2\/comments?post=4018"}],"version-history":[{"count":194,"href":"https:\/\/sandoz.growlab.es\/index.php\/wp-json\/wp\/v2\/pages\/4018\/revisions"}],"predecessor-version":[{"id":5005,"href":"https:\/\/sandoz.growlab.es\/index.php\/wp-json\/wp\/v2\/pages\/4018\/revisions\/5005"}],"wp:attachment":[{"href":"https:\/\/sandoz.growlab.es\/index.php\/wp-json\/wp\/v2\/media?parent=4018"}],"curies":[{"name":"wp","href":"https:\/\/api.w.org\/{rel}","templated":true}]}}